[INFO] fetching crate word_count 0.1.0...
[INFO] checking word_count-0.1.0 against try#72f88fc4e9458f89516a0b8b0868f3718aec5b47 for pr-74989
[INFO] extracting crate word_count 0.1.0 into /workspace/builds/worker-2/source
[INFO] validating manifest of crates.io crate word_count 0.1.0 on toolchain 72f88fc4e9458f89516a0b8b0868f3718aec5b47
[INFO] running `Command { std: "/workspace/cargo-home/bin/cargo" "+72f88fc4e9458f89516a0b8b0868f3718aec5b47" "read-manifest" "--manifest-path" "Cargo.toml", kill_on_drop: false }`
[INFO] started tweaking crates.io crate word_count 0.1.0
[INFO] finished tweaking crates.io crate word_count 0.1.0
[INFO] tweaked toml for crates.io crate word_count 0.1.0 written to /workspace/builds/worker-2/source/Cargo.toml
[INFO] running `Command { std: "/workspace/cargo-home/bin/cargo" "+72f88fc4e9458f89516a0b8b0868f3718aec5b47" "generate-lockfile" "--manifest-path" "Cargo.toml" "-Zno-index-update", kill_on_drop: false }`
[INFO] running `Command { std: "/workspace/cargo-home/bin/cargo" "+72f88fc4e9458f89516a0b8b0868f3718aec5b47" "fetch" "--locked" "--manifest-path" "Cargo.toml", kill_on_drop: false }`
[INFO] running `Command { std: "docker" "create" "-v" "/var/lib/crater-agent-workspace/builds/worker-2/target:/opt/rustwide/target:rw,Z" "-v" "/var/lib/crater-agent-workspace/builds/worker-2/source:/opt/rustwide/workdir:ro,Z" "-v" "/var/lib/crater-agent-workspace/cargo-home:/opt/rustwide/cargo-home:ro,Z" "-v" "/var/lib/crater-agent-workspace/rustup-home:/opt/rustwide/rustup-home:ro,Z" "-e" "SOURCE_DIR=/opt/rustwide/workdir" "-e" "CARGO_TARGET_DIR=/opt/rustwide/target" "-e" "CARGO_HOME=/opt/rustwide/cargo-home" "-e" "RUSTUP_HOME=/opt/rustwide/rustup-home" "-w" "/opt/rustwide/workdir" "-m" "1610612736" "--user" "0:0" "--network" "none" "rustops/crates-build-env@sha256:d92eaeed33fa75130ca1ee6c8a01d1ffb62bac859dfdfb3450e3e5d1c0146529" "/opt/rustwide/cargo-home/bin/cargo" "+72f88fc4e9458f89516a0b8b0868f3718aec5b47" "metadata" "--no-deps" "--format-version=1", kill_on_drop: false }`
[INFO] [stdout] 6fdc6b946a37392c714480baa786ddeffe48d48fd3b70b2293827155a5bf6ff7
[INFO] [stderr] WARNING: Your kernel does not support swap limit capabilities or the cgroup is not mounted. Memory limited without swap.
[INFO] running `Command { std: "docker" "start" "-a" "6fdc6b946a37392c714480baa786ddeffe48d48fd3b70b2293827155a5bf6ff7", kill_on_drop: false }`
[INFO] running `Command { std: "docker" "inspect" "6fdc6b946a37392c714480baa786ddeffe48d48fd3b70b2293827155a5bf6ff7", kill_on_drop: false }`
[INFO] running `Command { std: "docker" "rm" "-f" "6fdc6b946a37392c714480baa786ddeffe48d48fd3b70b2293827155a5bf6ff7", kill_on_drop: false }`
[INFO] [stdout] 6fdc6b946a37392c714480baa786ddeffe48d48fd3b70b2293827155a5bf6ff7
[INFO] running `Command { std: "docker" "create" "-v" "/var/lib/crater-agent-workspace/builds/worker-2/target:/opt/rustwide/target:rw,Z" "-v" "/var/lib/crater-agent-workspace/builds/worker-2/source:/opt/rustwide/workdir:ro,Z" "-v" "/var/lib/crater-agent-workspace/cargo-home:/opt/rustwide/cargo-home:ro,Z" "-v" "/var/lib/crater-agent-workspace/rustup-home:/opt/rustwide/rustup-home:ro,Z" "-e" "SOURCE_DIR=/opt/rustwide/workdir" "-e" "CARGO_TARGET_DIR=/opt/rustwide/target" "-e" "CARGO_INCREMENTAL=0" "-e" "RUST_BACKTRACE=full" "-e" "RUSTFLAGS=--cap-lints=forbid" "-e" "CARGO_HOME=/opt/rustwide/cargo-home" "-e" "RUSTUP_HOME=/opt/rustwide/rustup-home" "-w" "/opt/rustwide/workdir" "-m" "1610612736" "--user" "0:0" "--network" "none" "rustops/crates-build-env@sha256:d92eaeed33fa75130ca1ee6c8a01d1ffb62bac859dfdfb3450e3e5d1c0146529" "/opt/rustwide/cargo-home/bin/cargo" "+72f88fc4e9458f89516a0b8b0868f3718aec5b47" "check" "--frozen" "--all" "--all-targets" "--message-format=json", kill_on_drop: false }`
[INFO] [stdout] d7693278420de94f2000151f1d004116295515511d1cbe0fbf809b52ef531e27
[INFO] [stderr] WARNING: Your kernel does not support swap limit capabilities or the cgroup is not mounted. Memory limited without swap.
[INFO] running `Command { std: "docker" "start" "-a" "d7693278420de94f2000151f1d004116295515511d1cbe0fbf809b52ef531e27", kill_on_drop: false }`
[INFO] [stderr]     Checking word_count v0.1.0 (/opt/rustwide/workdir)
[INFO] [stdout] error: malformed `stable` attribute input
[INFO] [stdout]   --> src/pivot_sort.rs:37:5
[INFO] [stdout]    |
[INFO] [stdout] 37 |     #[stable]
[INFO] [stdout]    |     ^^^^^^^^^ help: must be of the form: `#[stable(feature = "name", since = "version")]`
[INFO] [stdout] 
[INFO] [stdout] 
[INFO] [stdout] error: malformed `stable` attribute input
[INFO] [stdout]   --> src/pivot_sort.rs:34:1
[INFO] [stdout]    |
[INFO] [stdout] 34 | #[stable]
[INFO] [stdout]    | ^^^^^^^^^ help: must be of the form: `#[stable(feature = "name", since = "version")]`
[INFO] [stdout] 
[INFO] [stdout] 
[INFO] [stdout] error: malformed `stable` attribute input
[INFO] [stdout]   --> src/pivot_sort.rs:91:1
[INFO] [stdout]    |
[INFO] [stdout] 91 | #[stable]
[INFO] [stdout]    | ^^^^^^^^^ help: must be of the form: `#[stable(feature = "name", since = "version")]`
[INFO] [stdout] 
[INFO] [stdout] 
[INFO] [stdout] error: malformed `stable` attribute input
[INFO] [stdout]  --> src/pivot_sort.rs:1:1
[INFO] [stdout]   |
[INFO] [stdout] 1 | #![stable]
[INFO] [stdout]   | ^^^^^^^^^^ help: must be of the form: `#[stable(feature = "name", since = "version")]`
[INFO] [stdout] 
[INFO] [stdout] 
[INFO] [stdout] error: malformed `stable` attribute input
[INFO] [stdout]   --> src/word_index.rs:23:1
[INFO] [stdout]    |
[INFO] [stdout] 23 | #[stable]
[INFO] [stdout]    | ^^^^^^^^^ help: must be of the form: `#[stable(feature = "name", since = "version")]`
[INFO] [stdout] 
[INFO] [stdout] 
[INFO] [stdout] error: malformed `stable` attribute input
[INFO] [stdout]   --> src/word_index.rs:68:1
[INFO] [stdout]    |
[INFO] [stdout] 68 | #[stable]
[INFO] [stdout]    | ^^^^^^^^^ help: must be of the form: `#[stable(feature = "name", since = "version")]`
[INFO] [stdout] 
[INFO] [stdout] 
[INFO] [stdout] error: malformed `stable` attribute input
[INFO] [stdout]   --> src/pivot_sort.rs:37:5
[INFO] [stdout]    |
[INFO] [stdout] 37 |     #[stable]
[INFO] [stdout]    |     ^^^^^^^^^ help: must be of the form: `#[stable(feature = "name", since = "version")]`
[INFO] [stdout] 
[INFO] [stdout] 
[INFO] [stdout] error: malformed `stable` attribute input
[INFO] [stdout]  --> src/word_index.rs:1:1
[INFO] [stdout]   |
[INFO] [stdout] 1 | #![stable]
[INFO] [stdout]   | ^^^^^^^^^^ help: must be of the form: `#[stable(feature = "name", since = "version")]`
[INFO] [stdout] 
[INFO] [stdout] 
[INFO] [stdout] error: malformed `unstable` attribute input
[INFO] [stdout]   --> src/lib.rs:39:1
[INFO] [stdout]    |
[INFO] [stdout] 39 | #[unstable]
[INFO] [stdout]    | ^^^^^^^^^^^ help: must be of the form: `#[unstable(feature = "name", reason = "...", issue = "N")]`
[INFO] [stdout] 
[INFO] [stdout] 
[INFO] [stdout] error: malformed `unstable` attribute input
[INFO] [stdout]  --> src/lib.rs:1:1
[INFO] [stdout]   |
[INFO] [stdout] 1 | #![unstable]
[INFO] [stdout]   | ^^^^^^^^^^^^ help: must be of the form: `#[unstable(feature = "name", reason = "...", issue = "N")]`
[INFO] [stdout] 
[INFO] [stdout] 
[INFO] [stdout] error: malformed `stable` attribute input
[INFO] [stdout]   --> src/pivot_sort.rs:34:1
[INFO] [stdout]    |
[INFO] [stdout] 34 | #[stable]
[INFO] [stdout]    | ^^^^^^^^^ help: must be of the form: `#[stable(feature = "name", since = "version")]`
[INFO] [stdout] 
[INFO] [stdout] 
[INFO] [stdout] error: malformed `stable` attribute input
[INFO] [stdout]   --> src/pivot_sort.rs:91:1
[INFO] [stdout]    |
[INFO] [stdout] 91 | #[stable]
[INFO] [stdout]    | ^^^^^^^^^ help: must be of the form: `#[stable(feature = "name", since = "version")]`
[INFO] [stdout] 
[INFO] [stdout] 
[INFO] [stdout] error: malformed `stable` attribute input
[INFO] [stdout]  --> src/pivot_sort.rs:1:1
[INFO] [stdout]   |
[INFO] [stdout] 1 | #![stable]
[INFO] [stdout]   | ^^^^^^^^^^ help: must be of the form: `#[stable(feature = "name", since = "version")]`
[INFO] [stdout] 
[INFO] [stdout] 
[INFO] [stdout] error: malformed `stable` attribute input
[INFO] [stdout]   --> src/word_index.rs:23:1
[INFO] [stdout]    |
[INFO] [stdout] 23 | #[stable]
[INFO] [stdout]    | ^^^^^^^^^ help: must be of the form: `#[stable(feature = "name", since = "version")]`
[INFO] [stdout] 
[INFO] [stdout] 
[INFO] [stdout] error: malformed `stable` attribute input
[INFO] [stdout]   --> src/word_index.rs:68:1
[INFO] [stdout]    |
[INFO] [stdout] 68 | #[stable]
[INFO] [stdout]    | ^^^^^^^^^ help: must be of the form: `#[stable(feature = "name", since = "version")]`
[INFO] [stdout] 
[INFO] [stdout] 
[INFO] [stdout] error: malformed `stable` attribute input
[INFO] [stdout]  --> src/word_index.rs:1:1
[INFO] [stdout]   |
[INFO] [stdout] 1 | #![stable]
[INFO] [stdout]   | ^^^^^^^^^^ help: must be of the form: `#[stable(feature = "name", since = "version")]`
[INFO] [stdout] 
[INFO] [stdout] 
[INFO] [stdout] error: malformed `unstable` attribute input
[INFO] [stdout]   --> src/lib.rs:39:1
[INFO] [stdout]    |
[INFO] [stdout] 39 | #[unstable]
[INFO] [stdout]    | ^^^^^^^^^^^ help: must be of the form: `#[unstable(feature = "name", reason = "...", issue = "N")]`
[INFO] [stdout] 
[INFO] [stdout] 
[INFO] [stdout] error: malformed `unstable` attribute input
[INFO] [stdout]  --> src/lib.rs:1:1
[INFO] [stdout]   |
[INFO] [stdout] 1 | #![unstable]
[INFO] [stdout]   | ^^^^^^^^^^^^ help: must be of the form: `#[unstable(feature = "name", reason = "...", issue = "N")]`
[INFO] [stdout] 
[INFO] [stdout] 
[INFO] [stdout] error[E0734]: stability attributes may not be used outside of the standard library
[INFO] [stdout]  --> src/lib.rs:1:1
[INFO] [stdout]   |
[INFO] [stdout] 1 | #![unstable]
[INFO] [stdout]   | ^^^^^^^^^^^^
[INFO] [stdout] 
[INFO] [stdout] 
[INFO] [stdout] error[E0734]: stability attributes may not be used outside of the standard library
[INFO] [stdout]  --> src/pivot_sort.rs:1:1
[INFO] [stdout]   |
[INFO] [stdout] 1 | #![stable]
[INFO] [stdout]   | ^^^^^^^^^^
[INFO] [stdout] 
[INFO] [stdout] 
[INFO] [stdout] error[E0734]: stability attributes may not be used outside of the standard library
[INFO] [stdout]   --> src/pivot_sort.rs:34:1
[INFO] [stdout]    |
[INFO] [stdout] 34 | #[stable]
[INFO] [stdout]    | ^^^^^^^^^
[INFO] [stdout] 
[INFO] [stdout] 
[INFO] [stdout] error[E0734]: stability attributes may not be used outside of the standard library
[INFO] [stdout]   --> src/pivot_sort.rs:37:5
[INFO] [stdout]    |
[INFO] [stdout] 37 |     #[stable]
[INFO] [stdout]    |     ^^^^^^^^^
[INFO] [stdout] 
[INFO] [stdout] 
[INFO] [stdout] error[E0734]: stability attributes may not be used outside of the standard library
[INFO] [stdout]  --> src/lib.rs:1:1
[INFO] [stdout]   |
[INFO] [stdout] 1 | #![unstable]
[INFO] [stdout]   | ^^^^^^^^^^^^
[INFO] [stdout] 
[INFO] [stdout] 
[INFO] [stdout] error[E0734]: stability attributes may not be used outside of the standard library
[INFO] [stdout]  --> src/pivot_sort.rs:1:1
[INFO] [stdout]   |
[INFO] [stdout] 1 | #![stable]
[INFO] [stdout]   | ^^^^^^^^^^
[INFO] [stdout] 
[INFO] [stdout] 
[INFO] [stdout] error[E0734]: stability attributes may not be used outside of the standard library
[INFO] [stdout]   --> src/pivot_sort.rs:34:1
[INFO] [stdout]    |
[INFO] [stdout] 34 | #[stable]
[INFO] [stdout]    | ^^^^^^^^^
[INFO] [stdout] 
[INFO] [stdout] 
[INFO] [stdout] error[E0734]: stability attributes may not be used outside of the standard library
[INFO] [stdout]   --> src/pivot_sort.rs:37:5
[INFO] [stdout]    |
[INFO] [stdout] 37 |     #[stable]
[INFO] [stdout]    |     ^^^^^^^^^
[INFO] [stdout] 
[INFO] [stdout] 
[INFO] [stdout] error[E0734]: stability attributes may not be used outside of the standard library
[INFO] [stdout]   --> src/pivot_sort.rs:91:1
[INFO] [stdout]    |
[INFO] [stdout] 91 | #[stable]
[INFO] [stdout]    | ^^^^^^^^^
[INFO] [stdout] 
[INFO] [stdout] 
[INFO] [stdout] error[E0734]: stability attributes may not be used outside of the standard library
[INFO] [stdout]   --> src/pivot_sort.rs:91:1
[INFO] [stdout]    |
[INFO] [stdout] 91 | #[stable]
[INFO] [stdout]    | ^^^^^^^^^
[INFO] [stdout] 
[INFO] [stdout] 
[INFO] [stdout] error[E0734]: stability attributes may not be used outside of the standard library
[INFO] [stdout]  --> src/word_index.rs:1:1
[INFO] [stdout]   |
[INFO] [stdout] 1 | #![stable]
[INFO] [stdout]   | ^^^^^^^^^^
[INFO] [stdout] 
[INFO] [stdout] 
[INFO] [stdout] error[E0734]: stability attributes may not be used outside of the standard library
[INFO] [stdout]  --> src/word_index.rs:1:1
[INFO] [stdout]   |
[INFO] [stdout] 1 | #![stable]
[INFO] [stdout]   | ^^^^^^^^^^
[INFO] [stdout] 
[INFO] [stdout] 
[INFO] [stdout] error[E0734]: stability attributes may not be used outside of the standard library
[INFO] [stdout]   --> src/word_index.rs:23:1
[INFO] [stdout]    |
[INFO] [stdout] 23 | #[stable]
[INFO] [stdout]    | ^^^^^^^^^
[INFO] [stdout] 
[INFO] [stdout] 
[INFO] [stdout] error[E0734]: stability attributes may not be used outside of the standard library
[INFO] [stdout]   --> src/word_index.rs:23:1
[INFO] [stdout]    |
[INFO] [stdout] 23 | #[stable]
[INFO] [stdout]    | ^^^^^^^^^
[INFO] [stdout] 
[INFO] [stdout] 
[INFO] [stdout] error[E0734]: stability attributes may not be used outside of the standard library
[INFO] [stdout]   --> src/word_index.rs:68:1
[INFO] [stdout]    |
[INFO] [stdout] 68 | #[stable]
[INFO] [stdout]    | ^^^^^^^^^
[INFO] [stdout] 
[INFO] [stdout] 
[INFO] [stdout] error[E0734]: stability attributes may not be used outside of the standard library
[INFO] [stdout]   --> src/word_index.rs:68:1
[INFO] [stdout]    |
[INFO] [stdout] 68 | #[stable]
[INFO] [stdout]    | ^^^^^^^^^
[INFO] [stdout] 
[INFO] [stdout] 
[INFO] [stdout] error[E0734]: stability attributes may not be used outside of the standard library
[INFO] [stdout]   --> src/lib.rs:39:1
[INFO] [stdout]    |
[INFO] [stdout] 39 | #[unstable]
[INFO] [stdout]    | ^^^^^^^^^^^
[INFO] [stdout] 
[INFO] [stdout] 
[INFO] [stdout] error[E0734]: stability attributes may not be used outside of the standard library
[INFO] [stdout]   --> src/lib.rs:39:1
[INFO] [stdout]    |
[INFO] [stdout] 39 | #[unstable]
[INFO] [stdout]    | ^^^^^^^^^^^
[INFO] [stdout] 
[INFO] [stdout] 
[INFO] [stdout] error: aborting due to 18 previous errors
[INFO] [stdout] 
[INFO] [stdout] 
[INFO] [stdout] For more information about this error, try `rustc --explain E0734`.
[INFO] [stdout] 
[INFO] [stderr] error: could not compile `word_count`.
[INFO] [stderr] 
[INFO] [stderr] To learn more, run the command again with --verbose.
[INFO] [stderr] warning: build failed, waiting for other jobs to finish...
[INFO] [stdout] error: aborting due to 18 previous errors
[INFO] [stdout] 
[INFO] [stdout] 
[INFO] [stdout] For more information about this error, try `rustc --explain E0734`.
[INFO] [stdout] 
[INFO] [stderr] error: build failed
[INFO] running `Command { std: "docker" "inspect" "d7693278420de94f2000151f1d004116295515511d1cbe0fbf809b52ef531e27", kill_on_drop: false }`
[INFO] running `Command { std: "docker" "rm" "-f" "d7693278420de94f2000151f1d004116295515511d1cbe0fbf809b52ef531e27", kill_on_drop: false }`
[INFO] [stdout] d7693278420de94f2000151f1d004116295515511d1cbe0fbf809b52ef531e27
